(2)?
7
Let u(o) = -o + o**2 - 10*o**3 + 2 - 3 - 6*o**3. What is the tens digit of u(-1)?
1
Let c(b) = -b**3 - 17*b**2 - 19*b - 10. What is the units digit of c(-16)?
8
Suppose 4*w + 520 = 4*c, -349 = -3*c + 5*w + 31. What is the units digit of c?
5
Let q(z) = 3*z**2 + z. Suppose 5*h + 4*b + 1 = -14, -3*h + 8 = -b. What is the units digit of q(h)?
4
Let r = -185 + 353. Suppose -r = -4*g - 0*g. Suppose 0 = 3*d - 15 - g. What is the units digit of d?
9
Let y be (0 + -2)*(-8)/2. Suppose -3*f = f - y. Let k = f - 1. What is the units digit of k?
1
Suppose -3*b - 498 = -3*r, -5*r + 818 = -2*b - 0*b. What is the hundreds digit of r?
1
Let w(b) = b**2 - 4*b + 1. Let i be w(3). Let f be (15/5)/(i/4). What is the units digit of f/(-6*3/24)?
8
Let s(o) = o**3 - 10*o**2 - 11*o - 4. Let n be s(11). Let d be (-1 - 3)/(n/16). Suppose -2*t + t = -d. What is the units digit of t?
6
Let n be (-1 + 6 - 2)*-1. Let i = n - -14. What is the tens digit of i?
1
Let g be 14/3*(-105)/(-14). Suppose -4*v + 85 = 4*i - 5*i, -g = -v + 3*i. What is the tens digit of v?
2
Let b be ((-1)/2)/(4/(-64)). Suppose 0 = c + 3*k + b, -5*k - 30 = -5*c + 10. Suppose -16 = -4*p + c. What is the units digit of p?
5
Let q = -19 - -13. Let s = -1 - q. Suppose -16 = -s*y + 14. What is the units digit of y?
6
What is the units digit of (-1)/8 - 438/(-48)?
9
Let y(k) = 2*k**2 - 3*k + 28. What is the hundreds digit of y(12)?
2
Let x = 30 - 29. Suppose 3*r + 3 = -0. What is the units digit of 3*(x/(-1))/r?
3
Suppose -2*v + 4*z + 8 = 0, 0 = 2*z - 0*z + 2. Suppose 7*q - 70 = v*q. What is the units digit of q?
4
Suppose -2*o - 29 = -121. Suppose x - o = -x. Let w = x + -15. What is the units digit of w?
8
Suppose 4*g + 5*h - 24 = 2*g, -5*g = -h - 6. Suppose 3*b = 2*y - 26, -41 = -g*y + 5*b - 7. What is the units digit of y?
7
Let p(b) = 2*b - 7. Let f be p(7). Let z(i) = -i**2 + 9*i - 2. What is the tens digit of z(f)?
1
Suppose -2*o + 2*d = -1 - 9, 5*d + 11 = -2*o. Suppose -o*s + 3*k + 29 = 0, 5*s + 0*k - 10 = -5*k. What is the units digit of s?
7
Let z be 3 - (0 + 0) - -70. Let g = z + -31. What is the tens digit of g?
4
Suppose 6*u - 40 = -2*u. What is the units digit of u?
5
Suppose 0*q - 4*q = 0. Let t = q - -3. What is the units digit of ((-3)/3 - -2)*t?
3
Let q(t) be the second derivative of 2*t**3/3 - 3*t**2 - 4*t. What is the units digit of q(7)?
2
Let l(m) = m**2 - 2*m + 59. Let o be l(0). Suppose -3*b = 2*s - 7*s - o, 3*s = -5*b + 53. What is the units digit of b?
3
Let i be -2 + (1 - 1) + 4. Suppose -10 + i = 4*k. What is the units digit of 1/(-2) - 11/k?
5
Let d(b) = 2*b + 104. What is the tens digit of d(0)?
0
Suppose 3*k = 2*k + 1, -3*k + 9 = -3*h. Let x be 1/h*4 - -6. Suppose x*d - 5 = 15. What is the units digit of d?
5
Let f(z) = -z**2 + 6*z - 1. Let b be f(6). What is the units digit of 37/4 - b/(-4)?
9
Let q(b) = -2*b - 2. Let p = 13 - 9. Suppose -v + 15 = -p*v. What is the units digit of q(v)?
8
What is the units digit of ((-99)/18)/(-1 + 7/8)?
4
Let l = -50 - -203. What is the tens digit of l?
5
Suppose -2*u = -2*i - 148, 0 = -5*u - 4*i + 192 + 160. Suppose 5*d - d = u. What is the tens digit of d?
1
Let d be -3 - (-21)/3 - 4. Suppose 0 = -d*z - 2*z + q + 97, 4*q + 31 = z. What is the units digit of z?
1
Suppose -14*k = -18*k + 544. What is the units digit of k?
6
Let f = 882 + -518. What is the units digit of f?
4
Suppose 3*k - 90 = -2*c, -3*c + 0*k = 5*k - 134. What is the units digit of c?
8
Let v = 600 + -339. What is the tens digit of v?
6
Suppose x = 2*j + 15, -2*x + 3*j + 2*j + 26 = 0. What is the tens digit of x?
2
Suppose 13*r = 18*r - 895. What is the tens digit of r?
7
Let q be (-6)/21 - (-12)/(-7). Let d(i) = -3*i - 5*i + 5*i - 2. What is the units digit of d(q)?
4
Suppose 2*t + c = 9, 1 - 5 = 3*t - 2*c. Let y be 0 - t - 2/(-2). Let l = 8 - y. What is the units digit of l?
9
Let j(u) = -2*u + 1. Let p be j(-2). Let k = p - -15. What is the units digit of k?
0
Suppose 3*y = -9*r + 4*r + 393, -r = -4*y - 97. What is the units digit of r?
1
Suppose -2*y - 4 = 4*s, 0 = 2*y - 2*s - 0*s - 14. Suppose 2*f + 6*c - 74 = 2*c, -y*f + 5*c + 148 = 0. Let m = f + -24. What is the tens digit of m?
1
Let y(n) = -7*n**3 - 10*n**2 - 6*n - 10. Let z(d) = 15*d**3 + 20*d**2 + 11*d + 20. Let m(f) = 13*y(f) + 6*z(f). What is the tens digit of m(-9)?
1
Let p be 2 + 2/(-2) + 1. Suppose -3*y + 5 - p = 0. What is the units digit of y?
1
Let v = 16 - 10. Suppose -3*j = 2*b + 2*b - 49, 3*j - 9 = 0. Let r = v + b. What is the units digit of r?
6
Suppose -19 = 5*k - 54. Let j(s) = 2*s - 9. Let u be j(k). Suppose -2*v + v + u = 0. What is the units digit of v?
5
Let u = 4 + -10. Let w be ((-8)/6)/(u/9). Let m = 3 - w. What is the units digit of m?
1
Suppose 6*c = 4*c + 582. What is the tens digit of c?
9
Let i be (3/(-6))/1*-58. Suppose 0 = -3*h + i + 22. What is the tens digit of h?
1
Let m = 225 - 134. What is the units digit of m?
1
Let n(q) = 12*q - 5*q + 2*q**2 + 1 + 3. What is the units digit of n(-6)?
4
Suppose -z + 48 = z. Suppose -2*g - z = -6*g. What is the units digit of g?
6
Let z = -5 - -8. Suppose 2*v + 25 = 7*v - j, 4*v = -z*j + 20. Suppose i + 21 = 5*g, g + 5*i = 4*g + v. What is the units digit of g?
5
Let l = -1 + -2. Let f = 12 + l. What is the units digit of f?
9
What is the units digit of ((-2)/3)/((-3)/9)?
2
Let a be ((-6)/(-9))/((-2)/(-9)). Suppose a*r - 4 = 17. Suppose -z + 2*z - r = 0. What is the units digit of z?
7
Let t = -71 - -49. Let c = t - -31. What is the units digit of c?
9
Let s = 0 + 0. Let i = 16 - 10. Suppose 2*p - 2*l + l - i = s, 5*l = 20. What is the units digit of p?
5
Let j be ((-2)/3)/((-4)/(-6)). What is the units digit of -8*(1 + 0)/j?
8
What is the units digit of -4*(-2)/(24/99)?
3
Let q be 4 + (-2 - 0) - 0. Let y be q/9 - (-96)/54. Let z = 2 + y. What is the units digit of z?
4
Let j(d) = d**3 + 6*d**2 + 2*d + 9. Let z be j(-6). What is the units digit of 3/(1*-9)*z?
1
Suppose 4*m = 2*f, m = -5*f - 5 + 60. Suppose 5*q - 87 = -k, -5*k + f*k = -4*q + 57. What is the units digit of q?
8
What is the tens digit of 4/(-5) - ((-3152)/10)/4?
7
Let l be -2*2/(-4)*1. Suppose 3*t = -11 - l, 4*z - 52 = -4*t. What is the tens digit of z?
1
Suppose 4*q - 3 = 3*k, -q - 2*k = -7*k + 12. What is the units digit of q?
3
Let s = 18 + 5. What is the units digit of s?
3
Suppose -r + 8 = d, r + 2*d + 12 = 5*d. Suppose 4*o - 103 = -n, r*o = -0*o - 4*n + 61. What is the tens digit of o?
2
Let j = -27 - 65. What is the units digit of (-3 + j/(-12))*3?
4
Suppose 5*t = -4*i - 20, 3*i - t = -1 + 5. Suppose 4*k = i, -4*z - k = -2*k - 72. Suppose 3*b + 0 = z. What is the units digit of b?
6
Let p(n) = n**3 + 5*n**2 + 4*n. Let g be p(-4). Suppose 4*c + g*c - 32 = 0. What is the units digit of (c - -3) + (-1)/(-1)?
2
Let j = 14 + -9. Suppose -3*p + j*b = -0*b - 85, -5*p - 4*b = -117. What is the units digit of p?
5
Suppose 5 = j - 1. Let h = j - 5. Let s = h + 1. What is the units digit of s?
2
Let g = -5 - -43. What is the units digit of g?
8
Let j = 5 - 3. Suppose w - j = -1. What is the units digit of w?
1
Suppose 30 = -5*b + 7*b. What is the units digit of b?
5
Let n = 8 - -1. Suppose 3*y - 3 = -4*h, 3*h - n - 7 = -5*y. What is the units digit of y?
5
Suppose -31*d + 32*d - 311 = 0. What is the hundreds digit of d?
3
What is the units digit of (-147)/(-14) - (-3)/6?
1
Suppose -90 = 29*w - 31*w. What is the tens digit of w?
4
Let o = 30 - 1. What is the units digit of o?
9
Let v be (2/(-5))/(2/10). Let r = v + -4. What is the units digit of 1/2 + (-3)/r?
1
Let d be (-3)/2 - (-11)/2. Suppose 0 = d*m - 16. Suppose 11 = m*b - 61. What is the units digit of b?
8
Let b = -8 - -8. Suppose -4*k + 51 = -5*i + 7, 3*k - 5*i - 28 = b. What is the tens digit of k?
1
Let r(d) = -d**3 - 9*d**2 + 14*d + 19. What is the units digit of r(-11)?
7
Let p = 145 + -64. Let m = p + -25. What is the units digit of m?
6
Let a be 4/(-6) - 4/(-6). Suppose a*g - 2*g - 14 = 2*d, -g - 5*d + 1 = 0. Let x = g + 14. What is the units digit of x?
5
Suppose 22 + 3 = 5*l. Suppose -5*n = -5*i - 15, -3*n + l*i = 3*i - 9. What is the units digit of n?
3
Let u(i) = 4*i**3 + 6*i**2 - 7*i - 1. Let o(m) = -3*m**3 - 6*m**2 + 7*m + 1. Let g(p) = 5*o(p) + 4*u(p). What is the tens digit of g(5)?
1
Let p(j) = -j**3 - 